{"id":15459,"date":"2024-06-04T08:56:22","date_gmt":"2024-06-04T08:56:22","guid":{"rendered":"https:\/\/jawdabois.ma\/?page_id=15459"},"modified":"2024-06-06T09:30:59","modified_gmt":"2024-06-06T09:30:59","slug":"panneaux-plaque","status":"publish","type":"page","link":"https:\/\/jawdabois.ma\/index.php\/panneaux-plaque\/","title":{"rendered":"Panneaux plaqu\u00e9"},"content":{"rendered":"\t\t<div data-elementor-type=\"wp-page\" data-elementor-id=\"15459\" class=\"elementor elementor-15459\">\n\t\t\t\t<div class=\"elementor-element elementor-element-cf6935b e-flex e-con-boxed e-con e-parent\" data-id=\"cf6935b\" data-element_type=\"container\" data-e-type=\"container\">\n\t\t\t\t\t<div class=\"e-con-inner\">\n\t\t\t\t<div class=\"elementor-element elementor-element-b90b091 elementor-widget elementor-widget-ct_heading\" data-id=\"b90b091\" data-element_type=\"widget\" data-e-type=\"widget\" data-widget_type=\"ct_heading.default\">\n\t\t\t\t<div class=\"elementor-widget-container\">\n\t\t\t\t\t<div id=\"ct_heading-b90b091\" class=\"ct-heading h-align-center item-line-title\">\r\n    <div class=\"heading-wrapper\">\r\n        <div class=\"inner-heading\">\r\n                              <h4 class=\"title-holder\">\r\n                  jawda                 <\/h4>\r\n                          \t                <h3 class=\"item--title case-animate-time line-title wow tada\" data-wow-delay=\"ms\">\r\n                    <span>Panneaux particule plaque<\/span>                <\/h3>\r\n        <\/div>\r\n    <\/div>\r\n<\/div>\r\n\t\t\t\t<\/div>\n\t\t\t\t<\/div>\n\t\t\t\t\t<\/div>\n\t\t\t\t<\/div>\n\t\t<div class=\"elementor-element elementor-element-d81ad53 e-flex e-con-boxed e-con e-parent\" data-id=\"d81ad53\" data-element_type=\"container\" data-e-type=\"container\">\n\t\t\t\t\t<div class=\"e-con-inner\">\n\t\t<div class=\"elementor-element elementor-element-a80c499 e-con-full e-flex e-con e-child\" data-id=\"a80c499\" data-element_type=\"container\" data-e-type=\"container\">\n\t\t\t\t<div class=\"elementor-element elementor-element-66e64a2 elementor-widget elementor-widget-text-editor\" data-id=\"66e64a2\" data-element_type=\"widget\" data-e-type=\"widget\" data-widget_type=\"text-editor.default\">\n\t\t\t\t<div class=\"elementor-widget-container\">\n\t\t\t\t\t\t\t\t\t<p>Les panneaux de particules plaqu\u00e9s sont des panneaux de particules recouverts d&rsquo;une fine couche de placage en bois naturel pour imiter l&rsquo;apparence du bois massif.<\/p>\t\t\t\t\t\t\t\t<\/div>\n\t\t\t\t<\/div>\n\t\t\t\t<div class=\"elementor-element elementor-element-f43fde7 elementor-widget elementor-widget-ct_accordion\" data-id=\"f43fde7\" data-element_type=\"widget\" data-e-type=\"widget\" data-widget_type=\"ct_accordion.default\">\n\t\t\t\t<div class=\"elementor-widget-container\">\n\t\t\t\t\t    <div id=\"ct_accordion-f43fde7\" class=\"ct-accordion ct-accordion1 style2 \" >\r\n                <div class=\"inner-layout\">\r\n                            <div class=\"ct-accordion-item active\">\r\n                    <div class=\"ct-ac-title active\" data-target=\"#5cd4c8ect_accordion-f43fde7\">\r\n                        <a class=\"ct-ac-title-text\">Caract\u00e9ristiques                            <i class=\"ct-accordion-icon-plus\"><\/i>\r\n                        <\/a>\r\n                    <\/div>\r\n                    <div id=\"5cd4c8ect_accordion-f43fde7\" class=\"ct-ac-content\" style=\"display:block;\">Les panneaux de particules plaqu\u00e9s offrent l'esth\u00e9tique du bois naturel \u00e0 un co\u00fbt plus abordable.<\/div>\r\n                <\/div>\r\n                            <div class=\"ct-accordion-item \">\r\n                    <div class=\"ct-ac-title \" data-target=\"#755f0e4ct_accordion-f43fde7\">\r\n                        <a class=\"ct-ac-title-text\">Utilisation                            <i class=\"ct-accordion-icon-plus\"><\/i>\r\n                        <\/a>\r\n                    <\/div>\r\n                    <div id=\"755f0e4ct_accordion-f43fde7\" class=\"ct-ac-content\">Les panneaux de particules plaqu\u00e9s sont utilis\u00e9s dans la fabrication de meubles, de portes et d'autres \u00e9l\u00e9ments d\u00e9coratifs pour obtenir l'aspect du bois massif \u00e0 moindre co\u00fbt.<\/div>\r\n                <\/div>\r\n                    <\/div>\r\n    <\/div>\r\n\t\t\t\t<\/div>\n\t\t\t\t<\/div>\n\t\t\t\t<\/div>\n\t\t<div class=\"elementor-element elementor-element-f210dd0 e-con-full e-flex e-con e-child\" data-id=\"f210dd0\" data-element_type=\"container\" data-e-type=\"container\">\n\t\t\t\t<div class=\"elementor-element elementor-element-cd1d0da elementor-widget elementor-widget-image\" data-id=\"cd1d0da\" data-element_type=\"widget\" data-e-type=\"widget\" data-widget_type=\"image.default\">\n\t\t\t\t<div class=\"elementor-widget-container\">\n\t\t\t\t\t\t\t\t\t\t\t\t\t\t\t<img fetchpriority=\"high\" decoding=\"async\" width=\"640\" height=\"640\" src=\"https:\/\/jawdabois.ma\/wp-content\/uploads\/2024\/06\/P-particules-mel.jpeg\" class=\"attachment-large size-large wp-image-15555\" alt=\"P-particules\" srcset=\"https:\/\/jawdabois.ma\/wp-content\/uploads\/2024\/06\/P-particules-mel.jpeg 1000w, https:\/\/jawdabois.ma\/wp-content\/uploads\/2024\/06\/P-particules-mel-300x300.jpeg 300w, https:\/\/jawdabois.ma\/wp-content\/uploads\/2024\/06\/P-particules-mel-150x150.jpeg 150w, https:\/\/jawdabois.ma\/wp-content\/uploads\/2024\/06\/P-particules-mel-768x768.jpeg 768w, https:\/\/jawdabois.ma\/wp-content\/uploads\/2024\/06\/P-particules-mel-90x90.jpeg 90w, https:\/\/jawdabois.ma\/wp-content\/uploads\/2024\/06\/P-particules-mel-600x600.jpeg 600w, https:\/\/jawdabois.ma\/wp-content\/uploads\/2024\/06\/P-particules-mel-460x460.jpeg 460w\" sizes=\"(max-width: 640px) 100vw, 640px\" \/>\t\t\t\t\t\t\t\t\t\t\t\t\t\t\t<\/div>\n\t\t\t\t<\/div>\n\t\t\t\t<\/div>\n\t\t\t\t\t<\/div>\n\t\t\t\t<\/div>\n\t\t<div class=\"elementor-element elementor-element-a003447 e-flex e-con-boxed e-con e-parent\" data-id=\"a003447\" data-element_type=\"container\" data-e-type=\"container\">\n\t\t\t\t\t<div class=\"e-con-inner\">\n\t\t\t\t<div class=\"elementor-element elementor-element-42f7a98 elementor-widget__width-auto contact-info-custom2 elementor-widget elementor-widget-ct_contact_info\" data-id=\"42f7a98\" data-element_type=\"widget\" data-e-type=\"widget\" data-widget_type=\"ct_contact_info.default\">\n\t\t\t\t<div class=\"elementor-widget-container\">\n\t\t\t\t\t    <div id=\"ct_contact_info-42f7a98\" class=\"ct-contact-info ct-contact-info2 style2 \" data-wow-duration=\"1.2s\">\r\n                        <div class=\"item--contact-info\">\r\n                \t    \t\t\t        <span class=\"ct-contact-icon icon-shakeThatBooty\">\r\n                            <a href=\"tel:0535 45 30 44\">        \t\t                <i aria-hidden=\"true\" class=\"flaticon flaticon-phone-call-1\"><\/i>        \t\t                                            <\/a>    \t\t\t        <\/span>\r\n    \t\t\t                        <div class=\"item-meta\">\r\n                        <label class=\"ct-contact-label\">\r\n                           Un devis ?                        <\/label>\r\n                                                    <a class=\"ct-contact-content\" href=\"tel:0535 45 30 44\">\r\n                                0535 45 30 44                            <\/a>\r\n                                            <\/div>\r\n               <\/div>\r\n            <\/div>\r\n\t\t\t\t<\/div>\n\t\t\t\t<\/div>\n\t\t\t\t\t<\/div>\n\t\t\t\t<\/div>\n\t\t\t\t<\/div>\n\t\t","protected":false},"excerpt":{"rendered":"<p>jawda Panneaux particule plaque Les panneaux de particules plaqu\u00e9s sont des panneaux de particules recouverts d&rsquo;une fine couche de placage en bois naturel pour imiter l&rsquo;apparence du bois massif. Caract\u00e9ristiques Les panneaux de particules plaqu\u00e9s offrent l&rsquo;esth\u00e9tique du bois naturel \u00e0 un co\u00fbt plus abordable. Utilisation Les panneaux de particules plaqu\u00e9s sont utilis\u00e9s dans la [&hellip;]<\/p>\n","protected":false},"author":4,"featured_media":0,"parent":0,"menu_order":0,"comment_status":"closed","ping_status":"closed","template":"","meta":{"content-type":"","_monsterinsights_skip_tracking":false,"_monsterinsights_sitenote_active":false,"_monsterinsights_sitenote_note":"","_monsterinsights_sitenote_category":0,"footnotes":""},"class_list":["post-15459","page","type-page","status-publish","hentry"],"_links":{"self":[{"href":"https:\/\/jawdabois.ma\/index.php\/wp-json\/wp\/v2\/pages\/15459"}],"collection":[{"href":"https:\/\/jawdabois.ma\/index.php\/wp-json\/wp\/v2\/pages"}],"about":[{"href":"https:\/\/jawdabois.ma\/index.php\/wp-json\/wp\/v2\/types\/page"}],"author":[{"embeddable":true,"href":"https:\/\/jawdabois.ma\/index.php\/wp-json\/wp\/v2\/users\/4"}],"replies":[{"embeddable":true,"href":"https:\/\/jawdabois.ma\/index.php\/wp-json\/wp\/v2\/comments?post=15459"}],"version-history":[{"count":7,"href":"https:\/\/jawdabois.ma\/index.php\/wp-json\/wp\/v2\/pages\/15459\/revisions"}],"predecessor-version":[{"id":15573,"href":"https:\/\/jawdabois.ma\/index.php\/wp-json\/wp\/v2\/pages\/15459\/revisions\/15573"}],"wp:attachment":[{"href":"https:\/\/jawdabois.ma\/index.php\/wp-json\/wp\/v2\/media?parent=15459"}],"curies":[{"name":"wp","href":"https:\/\/api.w.org\/{rel}","templated":true}]}}